{"id":107,"date":"2025-12-03T19:18:25","date_gmt":"2025-12-03T19:18:25","guid":{"rendered":"https:\/\/www.entreletasyescenas.com\/wordpress\/?page_id=107"},"modified":"2026-01-30T15:20:01","modified_gmt":"2026-01-30T15:20:01","slug":"suscribete-newsletter","status":"publish","type":"page","link":"https:\/\/www.entreletasyescenas.com\/wordpress\/suscribete-newsletter\/","title":{"rendered":"SUSCR\u00cdBETE"},"content":{"rendered":"\n<p class=\"wp-block-paragraph\">Suscr\u00edbete a nuestra newsletter si quieres ser el primero en enterarte de las novedades semanales, te recomendamos suscribirte a nuestra newsletter. Te enviaremos cada semana un resumen de las <a href=\"https:\/\/www.entreletasyescenas.com\/wordpress\/recursos-entre-letras-y-escenas\/guias-definitivas-entre-letras-y-escenas\/\">gu\u00edas<\/a>, <a href=\"https:\/\/www.entreletasyescenas.com\/wordpress\/2025\/12\/05\/test-que-tipo-de-adaptaciones-son-las-tuyas\/\">tests<\/a>, <a href=\"https:\/\/www.entreletasyescenas.com\/wordpress\/recomendaciones\/\">recomendaciones <\/a>y <a href=\"https:\/\/www.entreletasyescenas.com\/wordpress\/resenas\/\">novedades<\/a> que publiquemos.<\/p>\n\n\n\n<p class=\"wp-block-paragraph\">Suscr\u00edbete a la <em>newsletter <\/em>de <em>Entre Letras y Escenas<\/em> y s\u00e9 el primero en enterarte de nuestras novedades semanales. A trav\u00e9s de nuestra newsletter recibir\u00e1s cada semana un resumen de gu\u00edas, tests, recomendaciones y contenidos sobre cine y literatura directamente en tu correo.<\/p>\n\n\n\n<p class=\"wp-block-paragraph\">Al suscribirte a la newsletter, podr\u00e1s mantenerte al d\u00eda de nuestros an\u00e1lisis sobre adaptaciones cinematogr\u00e1ficas, comparativas entre libro y formato audiovisual y nuevos contenidos publicados en el sitio.<\/p>\n\n\n<div class=\"wp-block-image\">\n<figure class=\"aligncenter size-large is-resized\"><img loading=\"lazy\" decoding=\"async\" width=\"1024\" height=\"682\" src=\"https:\/\/www.entreletasyescenas.com\/wordpress\/wp-content\/uploads\/2026\/01\/stack-of-books-1001655_1280-1024x682.jpg\" alt=\"Suscr\u00edbete a la newsletter de Entre Letras y Escenas para recibir novedades sobre libros y cine\" class=\"wp-image-429\" style=\"width:420px;height:auto\" srcset=\"https:\/\/www.entreletasyescenas.com\/wordpress\/wp-content\/uploads\/2026\/01\/stack-of-books-1001655_1280-1024x682.jpg 1024w, https:\/\/www.entreletasyescenas.com\/wordpress\/wp-content\/uploads\/2026\/01\/stack-of-books-1001655_1280-300x200.jpg 300w, https:\/\/www.entreletasyescenas.com\/wordpress\/wp-content\/uploads\/2026\/01\/stack-of-books-1001655_1280-768x512.jpg 768w, https:\/\/www.entreletasyescenas.com\/wordpress\/wp-content\/uploads\/2026\/01\/stack-of-books-1001655_1280.jpg 1280w\" sizes=\"auto, (max-width: 1024px) 100vw, 1024px\" \/><\/figure>\n<\/div>\n\n\n<hr class=\"wp-block-separator has-alpha-channel-opacity\"\/>\n\n\n  \n  \n  <div class=\"\n    mailpoet_form_popup_overlay\n      \"><\/div>\n  <div\n    id=\"mailpoet_form_2\"\n    class=\"\n      mailpoet_form\n      mailpoet_form_html\n      mailpoet_form_position_\n      mailpoet_form_animation_\n    \"\n      >\n\n    <style type=\"text\/css\">\n     #mailpoet_form_2 .mailpoet_form {  }\n#mailpoet_form_2 .mailpoet_column_with_background { padding: 10px; }\n#mailpoet_form_2 .mailpoet_form_column:not(:first-child) { margin-left: 20px; }\n#mailpoet_form_2 .mailpoet_paragraph { line-height: 20px; margin-bottom: 20px; }\n#mailpoet_form_2 .mailpoet_segment_label, #mailpoet_form_2 .mailpoet_text_label, #mailpoet_form_2 .mailpoet_textarea_label, #mailpoet_form_2 .mailpoet_select_label, #mailpoet_form_2 .mailpoet_radio_label, #mailpoet_form_2 .mailpoet_checkbox_label, #mailpoet_form_2 .mailpoet_list_label, #mailpoet_form_2 .mailpoet_date_label { display: block; font-weight: normal; }\n#mailpoet_form_2 .mailpoet_text, #mailpoet_form_2 .mailpoet_textarea, #mailpoet_form_2 .mailpoet_select, #mailpoet_form_2 .mailpoet_date_month, #mailpoet_form_2 .mailpoet_date_day, #mailpoet_form_2 .mailpoet_date_year, #mailpoet_form_2 .mailpoet_date { display: block; }\n#mailpoet_form_2 .mailpoet_text, #mailpoet_form_2 .mailpoet_textarea { width: 200px; }\n#mailpoet_form_2 .mailpoet_checkbox {  }\n#mailpoet_form_2 .mailpoet_submit {  }\n#mailpoet_form_2 .mailpoet_divider {  }\n#mailpoet_form_2 .mailpoet_message {  }\n#mailpoet_form_2 .mailpoet_form_loading { width: 30px; text-align: center; line-height: normal; }\n#mailpoet_form_2 .mailpoet_form_loading > span { width: 5px; height: 5px; background-color: #5b5b5b; }#mailpoet_form_2{border: 0px solid #ffffff;border-radius: 0px;color: #000000;text-align: left;}#mailpoet_form_2 form.mailpoet_form {padding: 20px;}#mailpoet_form_2{width: 100%;}#mailpoet_form_2 .mailpoet_message {margin: 0; padding: 0 20px;}\n        #mailpoet_form_2 .mailpoet_validate_success {color: #0aea90}\n        #mailpoet_form_2 input.parsley-success {color: #0aea90}\n        #mailpoet_form_2 select.parsley-success {color: #0aea90}\n        #mailpoet_form_2 textarea.parsley-success {color: #0aea90}\n      \n        #mailpoet_form_2 .mailpoet_validate_error {color: #cf2e2e}\n        #mailpoet_form_2 input.parsley-error {color: #cf2e2e}\n        #mailpoet_form_2 select.parsley-error {color: #cf2e2e}\n        #mailpoet_form_2 textarea.textarea.parsley-error {color: #cf2e2e}\n        #mailpoet_form_2 .parsley-errors-list {color: #cf2e2e}\n        #mailpoet_form_2 .parsley-required {color: #cf2e2e}\n        #mailpoet_form_2 .parsley-custom-error-message {color: #cf2e2e}\n      #mailpoet_form_2 .mailpoet_paragraph.last {margin-bottom: 0} @media (max-width: 500px) {#mailpoet_form_2 {background-image: none;}} @media (min-width: 500px) {#mailpoet_form_2 .last .mailpoet_paragraph:last-child {margin-bottom: 0}}  @media (max-width: 500px) {#mailpoet_form_2 .mailpoet_form_column:last-child .mailpoet_paragraph:last-child {margin-bottom: 0}} \n    <\/style>\n\n    <form\n      target=\"_self\"\n      method=\"post\"\n      action=\"https:\/\/www.entreletasyescenas.com\/wordpress\/wp-admin\/admin-post.php?action=mailpoet_subscription_form\"\n      class=\"mailpoet_form mailpoet_form_form mailpoet_form_html\"\n      novalidate\n      data-delay=\"\"\n      data-exit-intent-enabled=\"\"\n      data-font-family=\"\"\n      data-cookie-expiration-time=\"\"\n    >\n      <input type=\"hidden\" name=\"data[form_id]\" value=\"2\" \/>\n      <input type=\"hidden\" name=\"token\" value=\"6dc1ba100e\" \/>\n      <input type=\"hidden\" name=\"api_version\" value=\"v1\" \/>\n      <input type=\"hidden\" name=\"endpoint\" value=\"subscribers\" \/>\n      <input type=\"hidden\" name=\"mailpoet_method\" value=\"subscribe\" \/>\n\n      <label class=\"mailpoet_hp_email_label\" style=\"display: none !important;\">Por favor, deja este campo vac\u00edo<input type=\"email\" name=\"data[email]\"\/><\/label><p class=\"mailpoet_form_paragraph \" style=\"text-align: left\"><\/p>\n<div class=\"mailpoet_form_image\"><figure class=\"size-full aligncenter\"><img decoding=\"async\" src=\"https:\/\/www.entreletasyescenas.com\/wordpress\/wp-content\/uploads\/2025\/11\/cropped-cropped-cropped-cropped-fav_icon_EE.png\" alt class=\"wp-image-148\" srcset=\"https:\/\/www.entreletasyescenas.com\/wordpress\/wp-content\/uploads\/2025\/11\/cropped-cropped-cropped-cropped-fav_icon_EE.png 510w, https:\/\/www.entreletasyescenas.com\/wordpress\/wp-content\/uploads\/2025\/11\/cropped-cropped-cropped-cropped-fav_icon_EE-300x300.png 300w, https:\/\/www.entreletasyescenas.com\/wordpress\/wp-content\/uploads\/2025\/11\/cropped-cropped-cropped-cropped-fav_icon_EE-150x150.png 150w\" width=88 height=0 style=\"width: 88px;height: 0px\"><\/figure><\/div>\n<h2 class=\"mailpoet-heading \" style=\"text-align: center; color: #fcb900\"><strong>Ent\u00e9rate el primero de nuestras novedades sobre la gran pantalla<\/strong><\/h2>\n<p class=\"mailpoet_form_paragraph \" style=\"text-align: center\">Subscr\u00edbete y recibe semanalmente nuestras gu\u00edas, novedades, tests y m\u00e1s contenidos exclusivos<\/p>\n<div class=\"mailpoet_paragraph \"><input type=\"text\" autocomplete=\"given-name\" class=\"mailpoet_text\" id=\"form_first_name_2\" name=\"data[form_field_NjgxMWE3Y2EwZjAyX2ZpcnN0X25hbWU=]\" title=\"Nombre completo\" value=\"\" style=\"width:100%;box-sizing:border-box;padding:5px;margin: 0 auto 0 0;\" data-automation-id=\"form_first_name\"  placeholder=\"Nombre completo *\" aria-label=\"Nombre completo *\" data-parsley-errors-container=\".mailpoet_error_1kxmy\" data-parsley-names='[&quot;Por favor, especifica un nombre v\u00e1lido.&quot;,&quot;No est\u00e1n permitidas las direcciones en los nombres. Por favor, a\u00f1ade tu nombre en su lugar.&quot;]' data-parsley-required=\"true\" required aria-required=\"true\" data-parsley-required-message=\"Este campo es obligatorio.\"\/><span class=\"mailpoet_error_1kxmy\"><\/span><\/div>\n<div class=\"mailpoet_paragraph \"><input type=\"email\" autocomplete=\"email\" class=\"mailpoet_text\" id=\"form_email_2\" name=\"data[form_field_YjNjYTNlZGVjZjI1X2VtYWls]\" title=\"Direcci\u00f3n de correo electr\u00f3nico\" value=\"\" style=\"width:100%;box-sizing:border-box;padding:5px;margin: 0 auto 0 0;\" data-automation-id=\"form_email\"  placeholder=\"Direcci\u00f3n de correo electr\u00f3nico *\" aria-label=\"Direcci\u00f3n de correo electr\u00f3nico *\" data-parsley-errors-container=\".mailpoet_error_1t373\" data-parsley-required=\"true\" required aria-required=\"true\" data-parsley-minlength=\"6\" data-parsley-maxlength=\"150\" data-parsley-type-message=\"Este valor debe ser un correo electr\u00f3nico v\u00e1lido.\" data-parsley-required-message=\"Este campo es obligatorio.\"\/><span class=\"mailpoet_error_1t373\"><\/span><\/div>\n<div class=\"mailpoet_paragraph \"><input type=\"submit\" class=\"mailpoet_submit\" value=\"\u00a1\u00danete a nuestra newsletter!\" data-automation-id=\"subscribe-submit-button\" style=\"width:100%;box-sizing:border-box;padding:5px;margin: 0 auto 0 0;border-color:transparent;\" \/><span class=\"mailpoet_form_loading\"><span class=\"mailpoet_bounce1\"><\/span><span class=\"mailpoet_bounce2\"><\/span><span class=\"mailpoet_bounce3\"><\/span><\/span><\/div>\n\n      <div class=\"mailpoet_message\">\n        <p class=\"mailpoet_validate_success\"\n                style=\"display:none;\"\n                >Revisa tu bandeja de entrada o la carpeta de spam para confirmar tu suscripci\u00f3n.\n        <\/p>\n        <p class=\"mailpoet_validate_error\"\n                style=\"display:none;\"\n                >        <\/p>\n      <\/div>\n    <\/form>\n\n      <\/div>\n\n  \n\n\n<p class=\"wp-block-paragraph\"><\/p>\n","protected":false},"excerpt":{"rendered":"<p>Suscr\u00edbete a nuestra newsletter si quieres ser el primero en enterarte de las novedades semanales, te recomendamos suscribirte a nuestra newsletter. Te enviaremos cada semana un resumen de las gu\u00edas, [&hellip;]<\/p>\n","protected":false},"author":1,"featured_media":0,"parent":0,"menu_order":0,"comment_status":"closed","ping_status":"open","template":"","meta":{"_crdt_document":"","footnotes":""},"class_list":["post-107","page","type-page","status-publish","hentry"],"yoast_head":"<!-- This site is optimized with the Yoast SEO plugin v27.1.1 - https:\/\/yoast.com\/product\/yoast-seo-wordpress\/ -->\n<title>Suscr\u00edbete a la newsletter y recibe novedades de cine y literatura<\/title>\n<meta name=\"description\" content=\"Suscr\u00edbete a la newsletter y recibe cada semana gu\u00edas, tests y recomendaciones sobre cine, libros y adaptaciones cinematogr\u00e1ficas.\" \/>\n<meta name=\"robots\" content=\"index, follow, max-snippet:-1, max-image-preview:large, max-video-preview:-1\" \/>\n<link rel=\"canonical\" href=\"https:\/\/www.entreletasyescenas.com\/wordpress\/suscribete-newsletter\/\" \/>\n<meta property=\"og:locale\" content=\"es_ES\" \/>\n<meta property=\"og:type\" content=\"article\" \/>\n<meta property=\"og:title\" content=\"Suscr\u00edbete a la newsletter y recibe novedades de cine y literatura\" \/>\n<meta property=\"og:description\" content=\"Suscr\u00edbete a la newsletter y recibe cada semana gu\u00edas, tests y recomendaciones sobre cine, libros y adaptaciones cinematogr\u00e1ficas.\" \/>\n<meta property=\"og:url\" content=\"https:\/\/www.entreletasyescenas.com\/wordpress\/suscribete-newsletter\/\" \/>\n<meta property=\"og:site_name\" content=\"Entre letras y escenas\" \/>\n<meta property=\"article:modified_time\" content=\"2026-01-30T15:20:01+00:00\" \/>\n<meta property=\"og:image\" content=\"https:\/\/www.entreletasyescenas.com\/wordpress\/wp-content\/uploads\/2026\/01\/stack-of-books-1001655_1280.jpg\" \/>\n\t<meta property=\"og:image:width\" content=\"1280\" \/>\n\t<meta property=\"og:image:height\" content=\"853\" \/>\n\t<meta property=\"og:image:type\" content=\"image\/jpeg\" \/>\n<meta name=\"twitter:card\" content=\"summary_large_image\" \/>\n<meta name=\"twitter:label1\" content=\"Tiempo de lectura\" \/>\n\t<meta name=\"twitter:data1\" content=\"1 minuto\" \/>\n<script type=\"application\/ld+json\" class=\"yoast-schema-graph\">{\"@context\":\"https:\/\/schema.org\",\"@graph\":[{\"@type\":[\"WebPage\",\"AboutPage\"],\"@id\":\"https:\/\/www.entreletasyescenas.com\/wordpress\/suscribete-newsletter\/\",\"url\":\"https:\/\/www.entreletasyescenas.com\/wordpress\/suscribete-newsletter\/\",\"name\":\"Suscr\u00edbete a la newsletter y recibe novedades de cine y literatura\",\"isPartOf\":{\"@id\":\"https:\/\/www.entreletasyescenas.com\/wordpress\/#website\"},\"primaryImageOfPage\":{\"@id\":\"https:\/\/www.entreletasyescenas.com\/wordpress\/suscribete-newsletter\/#primaryimage\"},\"image\":{\"@id\":\"https:\/\/www.entreletasyescenas.com\/wordpress\/suscribete-newsletter\/#primaryimage\"},\"thumbnailUrl\":\"https:\/\/www.entreletasyescenas.com\/wordpress\/wp-content\/uploads\/2026\/01\/stack-of-books-1001655_1280-1024x682.jpg\",\"datePublished\":\"2025-12-03T19:18:25+00:00\",\"dateModified\":\"2026-01-30T15:20:01+00:00\",\"description\":\"Suscr\u00edbete a la newsletter y recibe cada semana gu\u00edas, tests y recomendaciones sobre cine, libros y adaptaciones cinematogr\u00e1ficas.\",\"breadcrumb\":{\"@id\":\"https:\/\/www.entreletasyescenas.com\/wordpress\/suscribete-newsletter\/#breadcrumb\"},\"inLanguage\":\"es\",\"potentialAction\":[{\"@type\":\"ReadAction\",\"target\":[\"https:\/\/www.entreletasyescenas.com\/wordpress\/suscribete-newsletter\/\"]}]},{\"@type\":\"ImageObject\",\"inLanguage\":\"es\",\"@id\":\"https:\/\/www.entreletasyescenas.com\/wordpress\/suscribete-newsletter\/#primaryimage\",\"url\":\"https:\/\/www.entreletasyescenas.com\/wordpress\/wp-content\/uploads\/2026\/01\/stack-of-books-1001655_1280.jpg\",\"contentUrl\":\"https:\/\/www.entreletasyescenas.com\/wordpress\/wp-content\/uploads\/2026\/01\/stack-of-books-1001655_1280.jpg\",\"width\":1280,\"height\":853},{\"@type\":\"BreadcrumbList\",\"@id\":\"https:\/\/www.entreletasyescenas.com\/wordpress\/suscribete-newsletter\/#breadcrumb\",\"itemListElement\":[{\"@type\":\"ListItem\",\"position\":1,\"name\":\"Portada\",\"item\":\"https:\/\/www.entreletasyescenas.com\/wordpress\/\"},{\"@type\":\"ListItem\",\"position\":2,\"name\":\"SUSCR\u00cdBETE\"}]},{\"@type\":\"WebSite\",\"@id\":\"https:\/\/www.entreletasyescenas.com\/wordpress\/#website\",\"url\":\"https:\/\/www.entreletasyescenas.com\/wordpress\/\",\"name\":\"Entre letras y escenas\",\"description\":\"La gu\u00eda que conecta libros y pantallas. Descubre qu\u00e9 cambia, qu\u00e9 permanece y qu\u00e9 vale m\u00e1s la pena seg\u00fan tu forma de disfrutar historias\",\"publisher\":{\"@id\":\"https:\/\/www.entreletasyescenas.com\/wordpress\/#organization\"},\"potentialAction\":[{\"@type\":\"SearchAction\",\"target\":{\"@type\":\"EntryPoint\",\"urlTemplate\":\"https:\/\/www.entreletasyescenas.com\/wordpress\/?s={search_term_string}\"},\"query-input\":{\"@type\":\"PropertyValueSpecification\",\"valueRequired\":true,\"valueName\":\"search_term_string\"}}],\"inLanguage\":\"es\"},{\"@type\":\"Organization\",\"@id\":\"https:\/\/www.entreletasyescenas.com\/wordpress\/#organization\",\"name\":\"Entre letras y escenas\",\"url\":\"https:\/\/www.entreletasyescenas.com\/wordpress\/\",\"logo\":{\"@type\":\"ImageObject\",\"inLanguage\":\"es\",\"@id\":\"https:\/\/www.entreletasyescenas.com\/wordpress\/#\/schema\/logo\/image\/\",\"url\":\"https:\/\/www.entreletasyescenas.com\/wordpress\/wp-content\/uploads\/2025\/11\/cropped-cropped-cropped-fav_icon_EE.png\",\"contentUrl\":\"https:\/\/www.entreletasyescenas.com\/wordpress\/wp-content\/uploads\/2025\/11\/cropped-cropped-cropped-fav_icon_EE.png\",\"width\":510,\"height\":510,\"caption\":\"Entre letras y escenas\"},\"image\":{\"@id\":\"https:\/\/www.entreletasyescenas.com\/wordpress\/#\/schema\/logo\/image\/\"}}]}<\/script>\n<!-- \/ Yoast SEO plugin. -->","yoast_head_json":{"title":"Suscr\u00edbete a la newsletter y recibe novedades de cine y literatura","description":"Suscr\u00edbete a la newsletter y recibe cada semana gu\u00edas, tests y recomendaciones sobre cine, libros y adaptaciones cinematogr\u00e1ficas.","robots":{"index":"index","follow":"follow","max-snippet":"max-snippet:-1","max-image-preview":"max-image-preview:large","max-video-preview":"max-video-preview:-1"},"canonical":"https:\/\/www.entreletasyescenas.com\/wordpress\/suscribete-newsletter\/","og_locale":"es_ES","og_type":"article","og_title":"Suscr\u00edbete a la newsletter y recibe novedades de cine y literatura","og_description":"Suscr\u00edbete a la newsletter y recibe cada semana gu\u00edas, tests y recomendaciones sobre cine, libros y adaptaciones cinematogr\u00e1ficas.","og_url":"https:\/\/www.entreletasyescenas.com\/wordpress\/suscribete-newsletter\/","og_site_name":"Entre letras y escenas","article_modified_time":"2026-01-30T15:20:01+00:00","og_image":[{"width":1280,"height":853,"url":"https:\/\/www.entreletasyescenas.com\/wordpress\/wp-content\/uploads\/2026\/01\/stack-of-books-1001655_1280.jpg","type":"image\/jpeg"}],"twitter_card":"summary_large_image","twitter_misc":{"Tiempo de lectura":"1 minuto"},"schema":{"@context":"https:\/\/schema.org","@graph":[{"@type":["WebPage","AboutPage"],"@id":"https:\/\/www.entreletasyescenas.com\/wordpress\/suscribete-newsletter\/","url":"https:\/\/www.entreletasyescenas.com\/wordpress\/suscribete-newsletter\/","name":"Suscr\u00edbete a la newsletter y recibe novedades de cine y literatura","isPartOf":{"@id":"https:\/\/www.entreletasyescenas.com\/wordpress\/#website"},"primaryImageOfPage":{"@id":"https:\/\/www.entreletasyescenas.com\/wordpress\/suscribete-newsletter\/#primaryimage"},"image":{"@id":"https:\/\/www.entreletasyescenas.com\/wordpress\/suscribete-newsletter\/#primaryimage"},"thumbnailUrl":"https:\/\/www.entreletasyescenas.com\/wordpress\/wp-content\/uploads\/2026\/01\/stack-of-books-1001655_1280-1024x682.jpg","datePublished":"2025-12-03T19:18:25+00:00","dateModified":"2026-01-30T15:20:01+00:00","description":"Suscr\u00edbete a la newsletter y recibe cada semana gu\u00edas, tests y recomendaciones sobre cine, libros y adaptaciones cinematogr\u00e1ficas.","breadcrumb":{"@id":"https:\/\/www.entreletasyescenas.com\/wordpress\/suscribete-newsletter\/#breadcrumb"},"inLanguage":"es","potentialAction":[{"@type":"ReadAction","target":["https:\/\/www.entreletasyescenas.com\/wordpress\/suscribete-newsletter\/"]}]},{"@type":"ImageObject","inLanguage":"es","@id":"https:\/\/www.entreletasyescenas.com\/wordpress\/suscribete-newsletter\/#primaryimage","url":"https:\/\/www.entreletasyescenas.com\/wordpress\/wp-content\/uploads\/2026\/01\/stack-of-books-1001655_1280.jpg","contentUrl":"https:\/\/www.entreletasyescenas.com\/wordpress\/wp-content\/uploads\/2026\/01\/stack-of-books-1001655_1280.jpg","width":1280,"height":853},{"@type":"BreadcrumbList","@id":"https:\/\/www.entreletasyescenas.com\/wordpress\/suscribete-newsletter\/#breadcrumb","itemListElement":[{"@type":"ListItem","position":1,"name":"Portada","item":"https:\/\/www.entreletasyescenas.com\/wordpress\/"},{"@type":"ListItem","position":2,"name":"SUSCR\u00cdBETE"}]},{"@type":"WebSite","@id":"https:\/\/www.entreletasyescenas.com\/wordpress\/#website","url":"https:\/\/www.entreletasyescenas.com\/wordpress\/","name":"Entre letras y escenas","description":"La gu\u00eda que conecta libros y pantallas. Descubre qu\u00e9 cambia, qu\u00e9 permanece y qu\u00e9 vale m\u00e1s la pena seg\u00fan tu forma de disfrutar historias","publisher":{"@id":"https:\/\/www.entreletasyescenas.com\/wordpress\/#organization"},"potentialAction":[{"@type":"SearchAction","target":{"@type":"EntryPoint","urlTemplate":"https:\/\/www.entreletasyescenas.com\/wordpress\/?s={search_term_string}"},"query-input":{"@type":"PropertyValueSpecification","valueRequired":true,"valueName":"search_term_string"}}],"inLanguage":"es"},{"@type":"Organization","@id":"https:\/\/www.entreletasyescenas.com\/wordpress\/#organization","name":"Entre letras y escenas","url":"https:\/\/www.entreletasyescenas.com\/wordpress\/","logo":{"@type":"ImageObject","inLanguage":"es","@id":"https:\/\/www.entreletasyescenas.com\/wordpress\/#\/schema\/logo\/image\/","url":"https:\/\/www.entreletasyescenas.com\/wordpress\/wp-content\/uploads\/2025\/11\/cropped-cropped-cropped-fav_icon_EE.png","contentUrl":"https:\/\/www.entreletasyescenas.com\/wordpress\/wp-content\/uploads\/2025\/11\/cropped-cropped-cropped-fav_icon_EE.png","width":510,"height":510,"caption":"Entre letras y escenas"},"image":{"@id":"https:\/\/www.entreletasyescenas.com\/wordpress\/#\/schema\/logo\/image\/"}}]}},"jetpack_sharing_enabled":true,"_links":{"self":[{"href":"https:\/\/www.entreletasyescenas.com\/wordpress\/wp-json\/wp\/v2\/pages\/107","targetHints":{"allow":["GET"]}}],"collection":[{"href":"https:\/\/www.entreletasyescenas.com\/wordpress\/wp-json\/wp\/v2\/pages"}],"about":[{"href":"https:\/\/www.entreletasyescenas.com\/wordpress\/wp-json\/wp\/v2\/types\/page"}],"author":[{"embeddable":true,"href":"https:\/\/www.entreletasyescenas.com\/wordpress\/wp-json\/wp\/v2\/users\/1"}],"replies":[{"embeddable":true,"href":"https:\/\/www.entreletasyescenas.com\/wordpress\/wp-json\/wp\/v2\/comments?post=107"}],"version-history":[{"count":15,"href":"https:\/\/www.entreletasyescenas.com\/wordpress\/wp-json\/wp\/v2\/pages\/107\/revisions"}],"predecessor-version":[{"id":436,"href":"https:\/\/www.entreletasyescenas.com\/wordpress\/wp-json\/wp\/v2\/pages\/107\/revisions\/436"}],"wp:attachment":[{"href":"https:\/\/www.entreletasyescenas.com\/wordpress\/wp-json\/wp\/v2\/media?parent=107"}],"curies":[{"name":"wp","href":"https:\/\/api.w.org\/{rel}","templated":true}]}}